ite number?
False
Is 3474089 a prime number?
True
Is 11383 prime?
True
Is 10423 composite?
True
Is 3907 a composite number?
False
Is 221633 a composite number?
True
Is 3299 a prime number?
True
Is 99173 prime?
True
Is 133079 composite?
True
Is 6065 a composite number?
True
Is 80623 composite?
True
Is 69737 a composite number?
False
Is 61186 a prime number?
False
Is 283753 a prime number?
False
Is 356869 a prime number?
True
Is 5839 prime?
True
Is 8207 a prime number?
False
Is 211921 composite?
True
Is 16043 a prime number?
False
Is 81647 a composite number?
False
Is 836183 prime?
True
Is 9337 a prime number?
True
Is 176255 composite?
True
Is 145763 composite?
True
Is 12097 prime?
True
Is 10343 prime?
True
Is 3827 composite?
True
Is 26447 a composite number?
True
Is 1759 a composite number?
False
Is 5993 composite?
True
Is 143609 prime?
True
Is 685 a composite number?
True
Is 99895 a prime number?
False
Is 4049 a prime number?
True
Is 2921 composite?
True
Is 15053 a composite number?
False
Is 159557 composite?
True
Is 749 a composite number?
True
Is 88589 prime?
True
Is 297359 prime?
True
Is 19607 a prime number?
False
Is 8419 a prime number?
True
Is 295937 composite?
False
Is 264507 composite?
True
Is 7669 prime?
True
Is 2779511 prime?
False
Is 67441 prime?
False
Is 73867 a prime number?
True
Is 26149 composite?
True
Is 23339 prime?
True
Is 552917 a composite number?
False
Is 15761 a prime number?
True
Is 217273 prime?
False
Is 15013 a prime number?
True
Is 6005 a composite number?
True
Is 1784107 composite?
True
Is 33447 prime?
False
Is 3821 a composite number?
False
Is 1478497 a prime number?
False
Is 115585 a composite number?
True
Is 83461 composite?
True
Is 280271 a prime number?
False
Is 212467 prime?
True
Is 25523 composite?
False
Is 62547 a prime number?
False
Is 202295 composite?
True
Is 1168261 a prime number?
True
Is 9689 a prime number?
True
Is 288049 a prime number?
True
Is 781581 prime?
False
Is 831503 prime?
True
Is 49865 a prime number?
False
Is 127951 prime?
True
Is 90322 a composite number?
True
Is 11699 a composite number?
False
Is 4525513 a prime number?
False
Is 87991 a composite number?
False
Is 305621 a composite number?
False
Is 286799 composite?
True
Is 73009 composite?
False
Is 8051 prime?
False
Is 411 a composite number?
True
Is 2483 prime?
False
Is 5779 a composite number?
False
Is 21223 composite?
True
Is 143053 composite?
False
Is 1687 composite?
True
Is 54361 composite?
False
Is 1543 a prime number?
True
Is 9197 a composite number?
True
Is 47777 a composite number?
False
Is 30047 composite?
False
Is 86287 prime?
True
Is 150523 a composite number?
False
Is 13367 a composite number?
False
Is 3587 prime?
False
Is 9151 a prime number?
True
Is 204887 a prime number?
True
Is 36893 prime?
False
Is 4729 prime?
True
Is 67453 composite?
False
Is 816622 composite?
True
Is 33671 a prime number?
False
Is 17957 a composite number?
False
Is 31281 composite?
True
Is 21647 prime?
True
Is 405179 a prime number?
True
Is 631 a composite number?
False
Is 107515 a prime number?
False
Is 4039 prime?
False
Is 28993 a composite number?
True
Is 17609 prime?
True
Is 34603 prime?
True
Is 20037 a composite number?
True
Is 65206 composite?
True
Is 397673 prime?
True
Is 2153 prime?
True
Is 3593 prime?
True
Is 929719 a composite number?
True
Is 949567 prime?
True
Is 96079 a composite number?
False
Is 164173 a composite number?
False
Is 2161 prime?
True
Is 8263 composite?
False
Is 3415 a prime number?
False
Is 998861 composite?
False
Is 71317 prime?
True
Is 4731191 a prime number?
True
Is 21085 a composite number?
True
Is 14321 prime?
True
Is 27007 a prime number?
False
Is 86783 composite?
False
Is 40087 a prime number?
True
Is 492767 composite?
True
Is 8507 a composite number?
True
Is 89398 prime?
False
Is 77705 a prime number?
False
Is 127519 a prime number?
False
Is 80471 composite?
False
Is 21653 composite?
True
Is 10133 a composite number?
False
Is 3427 prime?
False
Is 23431 a composite number?
False
Is 2152063 a prime number?
True
Is 83417 composite?
False
Is 7241 a composite number?
True
Is 86969 a composite number?
False
Is 50459 a prime number?
True
Is 162359 prime?
True
Is 1304659 a prime number?
True
Is 9383 a composite number?
True
Is 2455463 a composite number?
True
Is 292909 a prime number?
True
Is 131797 a composite number?
False
Is 1477 prime?
False
Is 20071 a composite number?
False
Is 34897 a composite number?
False
Is 11671 a composite number?
True
Is 22805 a prime number?
False
Is 83999 a prime number?
False
Is 9235 a prime number?
False
Is 179737 a prime number?
True
Is 192785 a prime number?
False
Is 11617 prime?
True
Is 65663 prime?
False
Is 15877 composite?
False
Is 1682855 a composite number?
True
Is 10487 a prime number?
True
Is 286579 prime?
False
Is 528233 a prime number?
False
Is 120749 a prime number?
True
Is 2797 a prime number?
True
Is 1693 composite?
False
Is 370241 a prime number?
True
Is 151273 a prime number?
True
Is 609101 prime?
True
Is 123455 prime?
False
Is 2609 prime?
True
Is 2153 a composite number?
False
Is 1731 a prime number?
False
Is 1861 a prime number?
True
Is 216829 composite?
False
Is 204062 prime?
False
Is 762943 a composite number?
True
Is 5414 a prime number?
False
Is 5351 a composite number?
False
Is 35671 prime?
True
Is 2419 a prime number?
False
Is 76757 a composite number?
False
Is 552787 a prime number?
True
Is 164039 a prime number?
True
Is 10721 a prime number?
False
Is 15091 prime?
True
Is 649 composite?
True
Is 236594 a composite number?
True
Is 45659 a composite number?
False
Is 72431 prime?
True
Is 466649 composite?
False
Is 110114 composite?
True
Is 58451 a prime number?
True
Is 311393 a composite number?
False
Is 87991 a composite number?
False
Is 125183 a composite number?
False
Is 328481 composite?
False
Is 19585 composite?
True
Is 2012267 a composite number?
True
Is 241609 a prime number?
False
Is 220118 prime?
False
Is 298993 a prime number?
True
Is 1487351 a composite number?
False
Is 1185493 prime?
True
Is 1003 a composite number?
True
Is 1361 prime?
True
Is 2081 a composite number?
False
Is 1409 a composite number?
False
Is 116479 a prime number?
False
Is 1651 composite?
True
Is 15149 a prime number?
True
Is 4207 a composite number?
True
Is 1119754 composite?
True
Is 9973 a prime number?
True
Is 380729 prime?
True
Is 300017 prime?
True
Is 135367 a composite number?
False
Is 76699 a composite number?
True
Is 138053 prime?
True
Is 122809 a composite number?
True
Is 5998 composite?
True
Is 354697 a prime number?
False
Is 328243 prime?
True
Is 31627 a prime number?
True
Is 7915 prime?
False
Is 57641 a composite number?
False
Is 529085 a composite number?
True
Is 290135 a composite number?
True
Is 9557 a prime number?
False
Is 18119 a prime number?
True
Is 38993 a prime number?
True
Is 42335 composite?
True
Is 49681 composite?
False
Is 9257 a composite number?
False
Is 145063 composite?
False
Is 34913 prime?
True
Is 28901 prime?
True
Is 5347 prime?
True
Is 2237 a prime number?
True
Is 27791 prime?
True
Is 471889 a prime number?
False
Is 57719 composite?
False
Is 7985 prime?
False
Is 282859 a prime number?
False
Is 44017 a composite number?
False
Is 147233 a composite number?
True
Is 228707 a prime number?
True
Is 61651 composite?
False
Is 1558429 prime?
False
Is 33379 a prime number?
False
Is 679589 a composite number?
True
Is 13399 composite?
False
Is 10559 a prime number?
True
Is 44263 prime?
True
Is 9897 prime?
False
Is 2531 a prime number?
True
Is 5576273 a composite number?
False
Is 11393 prime?
True
Is 164914 prime?
False
Is 342427 a composite number?
True
Is 35437 prime?
True
Is 10799 prime?
True
Is 15053 a composite number?
False
Is 46231 composite?
True
Is 269641 a prime number?
True
Is 192931 prime?
True
Is 5234 composite?
True
Is 212911 prime?
False
Is 5256131 composite?
False
Is 22921 a prime number?
True
Is 11657 a prime number?
True
Is 22657 prime?
False
Is 34453 composite?
True
Is 310459 prime?
True
Is 21701 a prime number?
True
Is 10749 composite?
True
Is 162779 a composite number?
False
Is 14822 a composite number?
True
Is 5431 composite?
False
Is 8513 a prime number?
True
Is 7511905 composite?
True
Is 130199 prime?
True
Is 18287 a prime number?
True
Is 930